
Suppose -3*c - 8 + 80 = 0. Calculate the remainder when 982 is divided by c.
22
Let i be (4 - 88/12)*3. Let b = i - -39. Calculate the remainder when b is divided by 16.
13
Let u = 108 + -84. What is the remainder when 51 is divided by u?
3
What is the remainder when 212 is divided by 3 - (-204)/4*1?
50
Suppose -411*c - 4 = -412*c. Let x(p) = p**3 - 3*p**2 + 2*p + 2. Let s be x(2). Let b = s - -12. Calculate the remainder when b is divided by c.
2
Suppose -7*s - 34*s + 451 = 0. What is the remainder when 156 is divided by s?
2
Calculate the remainder when 1/2*(-3)/3*-72 is divided by 20.
16
Suppose -m - 142 = 2*v - 7*v, 4*m = -2*v + 48. Calculate the remainder when 39 is divided by v.
11
Suppose 0 = 22*j - 14*j - 96. Calculate the remainder when 195 is divided by j.
3
Suppose 0 = 4*l + 3*p - 2793, 16*l + 4*p = 13*l + 2086. Calculate the remainder when l is divided by 32.
30
Suppose -47*d = -16*d - 1860. What is the remainder when d is divided by 29?
2
Let a be 2/(-9) + (-21)/27. Let u(h) = -5*h - 2. Let b be u(a). Suppose -b*k - 3*q + 5*q = -94, q = -5. What is the remainder when 55 is divided by k?
27
Let x(r) = -40*r**2 - r - 1. Let t be x(1). Let s = t + 19. Let m = s + 46. What is the remainder when m is divided by 8?
7
Suppose -34 = -3*h + 14. Let j(v) be the first derivative of v**2 - 9*v - 5. Calculate the remainder when h is divided by j(9).
7
Let j = 785 + -214. Calculate the remainder when j is divided by 22.
21
Let s(f) = f**3 + 33*f**2 + 63*f + 36. Let a be s(-31). Suppose a*n = -t + 4*t + 64, -n + 16 = t. Let u = 16 - 8. What is the remainder when n is divided by u?
6
Let o be (-2)/9*1 - (-3262)/(-63). Calculate the remainder when 9 is divided by o/(-16) + (-1)/4 - -1.
1
Suppose 9*j = 329 + 229. Let y = -48 + j. Calculate the remainder when 37 is divided by y.
9
Let w = 864 - 817. Suppose 0*k + 273 = 3*k. Calculate the remainder when k is divided by w.
44
Suppose -t - 2*g = -2*t - 127, -t - 4*g = 103. Let h = -79 - t. Calculate the remainder when h is divided by 21.
19
Let z(f) = f + 9. Let t be z(-9). Suppose 4*u + t*u + p = 129, -3*p = 5*u - 156. Let q = -20 - -38. Calculate the remainder when u is divided by q.
15
Suppose 3*z = 4*j - 345, -2*z - 116 = -4*j + 226. Suppose 4*t = 3*w - 50, -t = 2*w - 31 - 17. What is the remainder when j is divided by w?
18
Let k(x) = -54*x - 45. Suppose -4*n + 5*v + 115 = 0, -n - 4*n = -3*v - 134. What is the remainder when n is divided by k(-1)?
7
Let m(s) = 20*s + 1. Let c(n) = n**3 + 5*n**2 + n + 6. Let p be c(-5). Calculate the remainder when m(p) is divided by (50/(-30))/((-10)/36).
3
Let a(l) = -l**3 - 4*l**2 - 4*l - 2. Let r be a(-3). Suppose r + 3 = 2*z. Calculate the remainder when (-2)/2 + 8 - 1 is divided by z.
0
Let f(a) = -31*a - 72. Calculate the remainder when 144 is divided by f(-3).
18
Let a be ((-16)/6)/((-7)/126). Let b(x) = -x**3 - 4*x**2 - 3*x - 8. Let q be b(-4). Suppose z = q*z - a. Calculate the remainder when z is divided by 6.
4
Suppose 0 = 7*y - 970 + 291. Calculate the remainder when y is divided by 34.
29
Suppose -5*z + 0*z + a + 108 = 0, -4*z + 82 = -3*a. Suppose -2*g + 34 = -3*f, -3*f + 10 + z = 4*g. What is the remainder when 73 is divided by g?
7
Let s = 33 + -55. Let q be 10/(-55) + (-92)/s. Suppose q*r + 32 = 140. What is the remainder when 105 is divided by r?
24
Let v = 35 - 32. What is the remainder when 12 is divided by (-1 + 2)*(v - -2)?
2
Let t(p) = -p + 2. Let i = 423 - 300. What is the remainder when i is divided by t(-23)?
23
Let i = 1582 + -1098. What is the remainder when i is divided by 27?
25
Let u(s) be the first derivative of -2*s**2 + 7*s - 5. Let q be u(9). Let f = q - -68. Calculate the remainder when f is divided by 20.
19
Let n(u) = 8*u - 17*u + 1 + 10*u + 14. Suppose 0*g + 27 = 5*f + 2*g, 2*f = 3*g + 7. What is the remainder when n(-7) is divided by f?
3
Let w = 53 - -28. Suppose -2*z = -5*z + w. Let o(m) = -m**2 + 36*m - 75. What is the remainder when o(30) is divided by z?
24
Calculate the remainder when 240 is divided by (-4)/(-30) + 127881/1755.
21
Suppose 0 = 16*m - 1344 - 2336. What is the remainder when m is divided by 79?
72
Let q(s) = s**3 + 14*s**2 + 13*s - 4. Let k be q(-13). Calculate the remainder when 37 is divided by ((-6)/k)/(30/160).
5
Suppose 5*w + 219 - 694 = 0. Let p = w + -65. What is the remainder when p is divided by 12?
6
Suppose 12*n = 68 - 44. Suppose -2*b + 0 = -4. What is the remainder when n is divided by b?
0
Suppose 6*v - 2*v - 340 = 0. Suppose 19 = -3*y + v. Calculate the remainder when 109 is divided by y.
21
Suppose -w + 1237 = 3*m, -3*m = -0*w + 4*w - 1222. What is the remainder when m is divided by 110?
84
Let g = 10 - -15. Suppose 10 = 4*p - 3*p. Let d = p + -3. Calculate the remainder when g is divided by d.
4
Let w(g) = -7*g**3 - g**2. Let b(m) = m + 41. Calculate the remainder when b(-20) is divided by w(-1).
3
Let x = 17 + -2. Let a = x - 6. Suppose -144*j - 22*j + 5644 = 0. Calculate the remainder when j is divided by a.
7
Let w(s) = -s**3 + 6*s**2 + s + 2. Let k be 2/2*-6*-6. What is the remainder when k + -2 + (1 - 4) is divided by w(6)?
7
Let g = 105 + -49. Suppose 0 = -62*v + 32*v + 570. What is the remainder when g is divided by v?
18
Calculate the remainder when 33 is divided by ((-180)/(-3))/(9/36*8).
3
Suppose 2*n - 16 = -4*c, -3*c + 12 = -0*c - 5*n. Suppose -c*w + 38 = 2*j, j - 14 = 5*w + 19. What is the remainder when 91 is divided by j?
22
What is the remainder when 95 is divided by 2/(-3) - 160/(-6)?
17
Let w(a) = -a**3 - 5*a**2 + a - 3. Let i(z) = -z**3 + 7*z**2 - 6*z - 2. Let f be i(6). Calculate the remainder when f/(-3) - 957/(-9) is divided by w(-6).
26
Let z(j) = -5*j - 20. Calculate the remainder when 84 is divided by z(-9).
9
Suppose b - 25 + 8 = -2*r, 0 = -5*b + 4*r + 29. Suppose b*i - 48 = 3*i. Let d(t) = t**3 - 7*t**2 - 5*t - 8. What is the remainder when 63 is divided by d(i)?
15
Suppose -2*o + 3*y - 40 = 0, 4*y - 30 - 42 = 4*o. Let t = 14 + o. Suppose s + t*s - 29 = 0. What is the remainder when s is divided by 6?
5
Let s(q) = 12 - 11*q + 1 + 3*q. Let d be s(-6). Suppose -5*r = 6 - d. What is the remainder when r is divided by 3?
2
Suppose 146*y - 950 = 136*y. What is the remainder when y is divided by 50?
45
Suppose -3*a + 212 = a. Let n(l) = 68*l - 41. Calculate the remainder when a is divided by n(1).
26
Let o = -69 - -158. Suppose -4 = -3*z + o. Suppose -z - 33 = -4*u. What is the remainder when 47 is divided by u?
15
Let h be ((1*-38)/((-8)/(-8)))/(-2). Suppose -h = -2*v - 5*b, 2*v = 4*v - 2*b - 12. What is the remainder when 11 is divided by v?
4
Let m(q) = -2*q + 38. Calculate the remainder when 153 is divided by m(-20).
75
Suppose 0 = -3*h + 9, 4*h + 91 + 1 = -4*y. Let t = 26 + y. Suppose -6*i + 148 - 28 = t. Calculate the remainder when 57 is divided by i.
17
Let h = -7 - -32. Suppose 0 = -o - f + h, -4*o + 2*o - f + 51 = 0. Calculate the remainder when o is divided by 7.
5
Let r(h) = -h + 2. Let v be r(1). Let f be (v - 4)*(-8)/12. Suppose 0 = 7*d - f*d - 40. Calculate the remainder when 31 is divided by d.
7
Calculate the remainder when 483 - ((-40)/4 + 17) is divided by 69.
62
Calculate the remainder when 220 is divided by ((1 - 0) + (-450)/36)*-4.
36
Let w = 0 - -9. What is the remainder when 6/w - (-520)/12 is divided by 8/4*15/2?
14
Let i(c) be the second derivative of -c**4/6 + 17*c**3/6 + c**2/2 - 14*c. What is the remainder when 71 is divided by i(5)?
35
Suppose -17 = -3*g - o, 0 = -0*g - 2*g - 4*o + 28. Let d(s) = 9*s**2 - s - 1. What is the remainder when d(1) is divided by g?
3
Suppose 5*g = 8*g - 6. Suppose -15 = 3*m, 2*j + 6*m - 24 = g*m. What is the remainder when j - (-3 + -4 + 3) is divided by 7?
5
Let x be -2 - (-2 + 3 + -5). Suppose 2*w - 4*v - 54 = 0, -3*v - x*v - 25 = 0. What is the remainder when 62 is divided by w?
11
Let i = -112 + 200. Suppose 0 = -h - 4*u - 5, 3*h = 4*u - 23 + i. What is the remainder when 27 is divided by h?
12
Let r(g) = -42*g - 5. Let k be (-4)/4*(-3 + -4 + 8). Calculate the remainder when r(k) is divided by 13.
11
Let k(q) = -2*q**2 + 65*q - 45. What is the remainder when k(29) is divided by 40?
38
Let c be ((-3)/(-6))/(1/6). Suppose -124 + 31 = -c*l. Suppose -4 = 5*s - 59. What is the remainder when l is divided b